n base 11, what is 10325326 - 1?
10325325
In base 10, what is -2063727 + -15?
-2063742
In base 4, what is -2 + -21110220300?
-21110220302
In base 12, what is 733 - -649a2?
65515
In base 7, what is -604653 - 21?
-605004
In base 5, what is 3401103413 + -2?
3401103411
In base 3, what is 1121120112212 - 1?
1121120112211
In base 13, what is 1504 - 41797?
-40293
In base 3, what is 10200121021201100 + 10?
10200121021201110
In base 12, what is 19683 - 362?
19321
In base 5, what is -2 + -33300434400?
-33300434402
In base 2, what is 1001011 + -1000101001110011?
-1000101000101000
In base 15, what is 509ce6 + -3?
509ce3
In base 10, what is 159 - -12201?
12360
In base 4, what is 111 - -223301020330?
223301021101
In base 16, what is -3 + -acb5ab?
-acb5ae
In base 12, what is -4212817 - 2?
-4212819
In base 13, what is -21b - 14cb3b?
-150059
In base 9, what is -2028 + -304683?
-306722
In base 5, what is -1 - 2343223104?
-2343223110
In base 7, what is -1065 - -36240?
35142
In base 14, what is 37 + 18904?
1893b
In base 12, what is b + -9340b5?
-9340a6
In base 2, what is 10010000 + 11011101011000011010000?
11011101011000101100000
In base 11, what is 668986064 - 1?
668986063
In base 8, what is 24 + 14245512?
14245536
In base 5, what is 14433132 + -12023?
14421104
In base 12, what is 28a3aa - b?
28a39b
In base 12, what is 5 - -4037970?
4037975
In base 10, what is 51 - -463794?
463845
In base 8, what is -1022546 + -146?
-1022714
In base 9, what is -133 - -2582238?
2582105
In base 7, what is 51562 + 11203?
63065
In base 8, what is 323317 + -515?
322602
In base 15, what is 71 - 1134c?
-112cb
In base 5, what is 20201041 + -44?
20200442
In base 3, what is -21 + 2111222110102?
2111222110011
In base 6, what is -2055 + 311410?
305311
In base 5, what is 20112 + -24412421?
-24342304
In base 2, what is -11110011001101101 + 100001?
-11110011001001100
In base 12, what is 4007952 + -1?
4007951
In base 9, what is 15523 - 22718?
-6185
In base 6, what is 0 + -132301221?
-132301221
In base 13, what is 75 + 4b465?
4b50a
In base 4, what is 102132 - 3311312?
-3203120
In base 4, what is -123220 + 2130232?
2001012
In base 14, what is -c53b955 - -3?
-c53b952
In base 10, what is 69094650 - -1?
69094651
In base 3, what is 22 + 2020110122211122?
2020110122211221
In base 3, what is 221211110202 + -102101?
221211001101
In base 8, what is -3 + 5711630?
5711625
In base 16, what is 2e - -106c3?
106f1
In base 15, what is 175 + -a883?
-a70d
In base 7, what is 5 + -106640460?
-106640452
In base 4, what is -131131001 - -200322?
-130330013
In base 10, what is 55923995 + -3?
55923992
In base 5, what is -42300131101 - -1?
-42300131100
In base 10, what is 45123 + 87?
45210
In base 10, what is 7310 + -951?
6359
In base 13, what is 1 - 16967453?
-16967452
In base 10, what is 3 + -98036595?
-98036592
In base 6, what is 3 - -104131234?
104131241
In base 12, what is 168a + -7068a?
-6b000
In base 11, what is -251a09 + 103?
-251906
In base 2, what is -11001010000110010001 - -1110?
-11001010000110000011
In base 4, what is -1 + 2330211321101?
2330211321100
In base 16, what is 12d - 6737?
-660a
In base 13, what is 22 - -6b1c1?
6b213
In base 5, what is 341411441 + 4?
341412000
In base 15, what is -5 - 176a4e2?
-176a4e7
In base 7, what is -40142 + -131130?
-201302
In base 3, what is 1222201002001 + -102?
1222201001122
In base 16, what is 8 - -2f253c?
2f2544
In base 12, what is 144359 + 55?
1443b2
In base 6, what is -1042534 + -1534?
-1044512
In base 9, what is -8084 - 8660?
-17754
In base 11, what is -2593327 + 0?
-2593327
In base 6, what is -4 - -550423035?
550423031
In base 3, what is 111112 + -11011110011?
-11010221122
In base 9, what is 20 + 1123?
1143
In base 3, what is 1 - 222120212102010?
-222120212102002
In base 8, what is -2 + 1576522?
1576520
In base 14, what is 1601b2 + -b9?
1600d7
In base 16, what is -ee491a5 + -2?
-ee491a7
In base 2, what is -111000010011010111 - -11010?
-111000010010111101
In base 3, what is -2220111111 + -12012?
-2220200200
In base 13, what is -a363cac + 3?
-a363ca9
In base 6, what is 43214 + 4533?
52151
In base 5, what is 441021402 - -3041?
441024443
In base 6, what is -551200302 - -121?
-551200141
In base 8, what is 765527 + -200?
765327
In base 5, what is 2011124214 + 23?
2011124242
In base 5, what is -3032231 + 11030?
-3021201
In base 13, what is 4332 - -196?
44c8
In base 8, what is 146 + -12614?
-12446
In base 12, what is -434a5 + -88?
-43571
In base 4, what is -101 + -31231132220?
-31231132321
In base 11, what is 641a - -1a?
6439
In base 9, what is 115012 + -158?
114743
In base 2, what is 100111111000011000101 + 10010010?
100111111000101010111
In base 8, what is -1377063731 - 1?
-1377063732
In base 15, what is a3685b + -14?
a36847
In base 7, what is -5 + -110461164?
-110461202
In base 8, what is 622470106 + -1?
622470105
In base 8, what is -204721 + -35?
-204756
In base 2, what is -101 + 1101011010110011010001001?
1101011010110011010000100
In base 2, what is 1 - 11100000101100101101110?
-11100000101100101101101
In base 7, what is 1423015 - -6012?
1432030
In base 3, what is 11 + -20201010211011?
-20201010211000
In base 11, what is 4 + 198090a15?
198090a19
In base 16, what is -7200fd22 - 4?
-7200fd26
In base 11, what is 16 - 75203?
-75198
In base 7, what is -404215 + -4?
-404222
In base 16, what is -323f + -59bb?
-8bfa
In base 15, what is -2b3bdba + 1?
-2b3bdb9
In base 2, what is 1010110110111101 - -11001001?
1010111010000110
In base 14, what is 1 + -55c6852?
-55c6851
In base 12, what is 91 + 7478ba?
74798b
In base 7, what is -10 + 6560424656?
6560424646
In base 9, what is -14588567 + 11?
-14588556
In base 9, what is 43421 - -518?
44040
In base 4, what is 123222010002 - 103?
123222003233
In base 9, what is -1 + 640585284?
640585283
In base 14, what is -829223 + -c?
-829231
In base 3, what is 1121002120121 - 2?
1121002120112
In base 7, what is -5 - 30632116?
-30632124
In base 15, what is -8 + 1dc53c?
1dc534
In base 12, what is -a5ab311 + -4?
-a5ab315
In base 10, what is 494174 - 5?
494169
In base 6, what is 10224055 - -2121?
10230220
In base 12, what is 7146 + -12116?
-6b90
In base 16, what is 7 - -4b5b2?
4b5b9
In base 9, what is -8658 - 37320?
-47078
In base 9, what is -151 - 134572?
-134733
In base 4, what is -11112 + 22311313?
22300201
In base 16, what is c5d459 - -33?
c5d48c
In base 12, what is -2 - 20b796a7?
-20b796a9
In base 14, what is 1110972 + 3?
1110975
In base 3, what is -1121011211 - 200?
-1121012111
In base 2, what is -10110100010111011 - -10111?
-10110100010100100
In base 7, what is -2 - -1460060044?
1460060042
In base 10, what is 7210 + -1398?
5812
In base 5, what is 2230 + 201244123?
201301403
In base 8, what is -5 + 5603525?
5603520
In base 10, what is 63308 - -13863?
77171
In base 16, what is -480 + -f9700?
-f9b80
In base 16, what is -5475 + 273?
-5202
In base 14, what is -2d + 3823?
37d4
In base 12, what is 2600a432 - 5?
2600a429
In base 4, what is -3103301110 - 132?
-3103301302
In base 4, what is -331 - 11112330?
-11113321
In base 8, what is 277 + -106406?
-106107
In base 7, what is 12346 - -3121?
15500
In base 16, what is ce + 58911?
589df
In base 7, what is -14132003464 + 2?
-14132003462
In base 9, what is 71 - -43377?
43458
In base 3, what is -22020010 - -11210112?
-10102121
In base 14, what is 1 + 3545258?
3545259
In base 6, what is 14 - -25514440?
25514454
In base 11, what is 58003 - -369?
58371
In base 9, what is 1506 + 1566?
3173
In base 14, what is 2 - 7275441?
-727543d
In base 7, what is 1052 - 32410?
-31325
In base 4, what is -11322 + 221132320?
221120332
In base 4, what is 0 + -11331321213?
-11331321213
In base 13, what is -2a - 81b433?
-81b460
In base 12, what is 1b159 + 1aa?
1b347
In base 4, what is -3123030023 + -11133?
-3123101222
In base 14, what is 1305ba - 5?
1305b5
In base 10, what is 4471713 - -2?
4471715
In base 10, what is 48260518 + 3?
48260521
In base 9, what is -23 - -1403776?
1403753
In base 11, what is 693067 - -148?
693204
In base 5, what is 241 - 10114110424?
-10114110133
In base 10, what is 388893 - -227?
389120
In base 16, what is -a - -11a6e8?
11a6de
In base 2, what is -11001001000110111010000 - 100000?
-11001001000110111110000
In base 4, what is 221331211213 + -3?
221331211210
In base 8, what is 1552620 - -1305?
1554125
In b